e the prime factors of 13784?
2, 1723
List the prime factors of 228.
2, 3, 19
List the prime factors of 54.
2, 3
What are the prime factors of 29591?
127, 233
List the prime factors of 99161.
17, 19, 307
What are the prime factors of 1260?
2, 3, 5, 7
What are the prime factors of 5634?
2, 3, 313
What are the prime factors of 1243?
11, 113
List the prime factors of 1308.
2, 3, 109
What are the prime factors of 25569?
3, 947
What are the prime factors of 65515?
5, 13103
What are the prime factors of 2051?
7, 293
What are the prime factors of 16227?
3, 601
List the prime factors of 25044.
2, 3, 2087
List the prime factors of 13029.
3, 43, 101
What are the prime factors of 39104?
2, 13, 47
What are the prime factors of 10221?
3, 3407
What are the prime factors of 1037?
17, 61
List the prime factors of 1455.
3, 5, 97
List the prime factors of 3291.
3, 1097
What are the prime factors of 4389?
3, 7, 11, 19
What are the prime factors of 160?
2, 5
What are the prime factors of 52?
2, 13
What are the prime factors of 3719?
3719
What are the prime factors of 3373?
3373
What are the prime factors of 347?
347
What are the prime factors of 15721?
79, 199
What are the prime factors of 4342?
2, 13, 167
What are the prime factors of 281?
281
What are the prime factors of 193077?
3, 7151
What are the prime factors of 2573?
31, 83
What are the prime factors of 11854?
2, 5927
List the prime factors of 3561.
3, 1187
What are the prime factors of 3179?
11, 17
What are the prime factors of 1698?
2, 3, 283
List the prime factors of 428.
2, 107
What are the prime factors of 4535?
5, 907
List the prime factors of 49586.
2, 24793
List the prime factors of 7362.
2, 3, 409
What are the prime factors of 64767?
3, 21589
What are the prime factors of 74?
2, 37
List the prime factors of 628.
2, 157
List the prime factors of 31550.
2, 5, 631
List the prime factors of 2853.
3, 317
What are the prime factors of 2731?
2731
List the prime factors of 26840.
2, 5, 11, 61
What are the prime factors of 13434?
2, 3, 2239
List the prime factors of 5805.
3, 5, 43
List the prime factors of 868.
2, 7, 31
List the prime factors of 664.
2, 83
List the prime factors of 1046.
2, 523
List the prime factors of 14658.
2, 3, 7, 349
List the prime factors of 1236.
2, 3, 103
List the prime factors of 34766.
2, 17383
What are the prime factors of 1701?
3, 7
What are the prime factors of 17707?
17707
What are the prime factors of 14450?
2, 5, 17
List the prime factors of 13962.
2, 3, 13, 179
What are the prime factors of 709?
709
List the prime factors of 16895.
5, 31, 109
List the prime factors of 11510.
2, 5, 1151
What are the prime factors of 17670?
2, 3, 5, 19, 31
What are the prime factors of 1316?
2, 7, 47
List the prime factors of 343.
7
List the prime factors of 10026.
2, 3, 557
List the prime factors of 5322.
2, 3, 887
List the prime factors of 36294.
2, 3, 23, 263
What are the prime factors of 12092?
2, 3023
List the prime factors of 59557.
59557
What are the prime factors of 31055?
5, 6211
What are the prime factors of 51922?
2, 13, 1997
List the prime factors of 70756.
2, 7, 19
What are the prime factors of 3181?
3181
What are the prime factors of 7164?
2, 3, 199
What are the prime factors of 1276?
2, 11, 29
What are the prime factors of 93053?
93053
List the prime factors of 680.
2, 5, 17
List the prime factors of 69712.
2, 4357
What are the prime factors of 11363?
11, 1033
What are the prime factors of 757?
757
List the prime factors of 4495.
5, 29, 31
What are the prime factors of 4982?
2, 47, 53
What are the prime factors of 4312?
2, 7, 11
What are the prime factors of 4490?
2, 5, 449
What are the prime factors of 894?
2, 3, 149
List the prime factors of 1509.
3, 503
List the prime factors of 148673.
7, 67, 317
What are the prime factors of 8628?
2, 3, 719
What are the prime factors of 55?
5, 11
List the prime factors of 1996.
2, 499
List the prime factors of 6755.
5, 7, 193
List the prime factors of 32419.
17, 1907
What are the prime factors of 119592?
2, 3, 11, 151
List the prime factors of 576.
2, 3
What are the prime factors of 5098?
2, 2549
What are the prime factors of 29648?
2, 17, 109
What are the prime factors of 262?
2, 131
What are the prime factors of 3594?
2, 3, 599
List the prime factors of 13932.
2, 3, 43
List the prime factors of 8330.
2, 5, 7, 17
List the prime factors of 583.
11, 53
List the prime factors of 5588.
2, 11, 127
What are the prime factors of 2719?
2719
List the prime factors of 22717.
22717
What are the prime factors of 292?
2, 73
What are the prime factors of 532?
2, 7, 19
List the prime factors of 15.
3, 5
What are the prime factors of 863?
863
List the prime factors of 42122.
2, 21061
What are the prime factors of 11962?
2, 5981
List the prime factors of 1032.
2, 3, 43
List the prime factors of 53227.
17, 31, 101
List the prime factors of 5784.
2, 3, 241
List the prime factors of 9755.
5, 1951
What are the prime factors of 1709?
1709
List the prime factors of 27367.
27367
What are the prime factors of 21463?
13, 127
List the prime factors of 1070.
2, 5, 107
What are the prime factors of 52391?
52391
What are the prime factors of 17196?
2, 3, 1433
What are the prime factors of 9768?
2, 3, 11, 37
What are the prime factors of 941?
941
What are the prime factors of 79129?
53, 1493
List the prime factors of 394.
2, 197
List the prime factors of 14084.
2, 7, 503
List the prime factors of 20257.
47, 431
List the prime factors of 5029.
47, 107
What are the prime factors of 1513?
17, 89
List the prime factors of 6410.
2, 5, 641
List the prime factors of 15389.
11, 1399
What are the prime factors of 5621?
7, 11, 73
List the prime factors of 16011.
3, 593
List the prime factors of 161532.
2, 3, 7, 641
What are the prime factors of 777?
3, 7, 37
What are the prime factors of 1697?
1697
List the prime factors of 1136.
2, 71
What are the prime factors of 19906?
2, 37, 269
What are the prime factors of 310?
2, 5, 31
What are the prime factors of 3248?
2, 7, 29
List the prime factors of 21230.
2, 5, 11, 193
What are the prime factors of 7194?
2, 3, 11, 109
List the prime factors of 4095.
3, 5, 7, 13
List the prime factors of 150.
2, 3, 5
List the prime factors of 116129.
13, 8933
List the prime factors of 2550.
2, 3, 5, 17
List the prime factors of 7767.
3, 863
What are the prime factors of 9532?
2, 2383
List the prime factors of 19738.
2, 71, 139
List the prime factors of 2062.
2, 1031
What are the prime factors of 1433?
1433
What are the prime factors of 300?
2, 3, 5
What are the prime factors of 4077?
3, 151
What are the prime factors of 939?
3, 313
List the prime factors of 898.
2, 449
What are the prime factors of 175524?
2, 3, 14627
What are the prime factors of 12009?
3, 4003
What are the prime factors of 6383?
13, 491
What are the prime factors of 9307?
41, 227
What are the prime factors of 47733?
3, 7, 2273
List the prime factors of 1024.
2
What are the prime factors of 401?
401
What are the prime factors of 2638?
2, 1319
What are the prime factors of 907?
907
What are the prime factors of 28673?
53, 541
What are the prime factors of 64775?
5, 2591
List the prime factors of 965.
5, 193
List the prime factors of 10811.
19, 569
List the prime factors of 8207.
29, 283
What are the prime factors of 27728?
2, 1733
What are the prime factors of 157?
157
What are the prime factors of 16458?
2, 3, 13, 211
List the prime factors of 11947.
13, 919
What are the prime factors of 780?
2, 3, 5, 13
What are the prime factors of 192?
2, 3
List the prime factors of 9162.
2, 3, 509
List the prime factors of 875.
5, 7
What are the prime factors of 3573?
3, 397
What are the prime factors of 1524?
2, 3, 127
What are the prime factors of 2238?
2, 3, 373
What are the prime factors of 13736?
2, 17, 101
What are the prime factors of 1960?
2, 5, 7
What are the prime factors of 4723?
4723
What are the prime factors of 23694?
2, 3, 11, 359
What are the prime factors of 34306?
2, 17, 1009
List the prime factors of 11258.
2, 13, 433
What are the prime factors of 851?
23, 37
What are the prime factors of 6699?
3, 7, 11, 29
What are the prime factors of 32729?
23, 1423
What are the prime factors of 459?
3, 17
What are the prime factors of 7881?
3, 37, 71
List the prime factors of 1388